on divisor of 20 and 250?
10
Calculate the greatest common factor of 9699 and 1272.
159
Calculate the highest common factor of 144 and 112.
16
What is the highest common divisor of 903 and 357?
21
Calculate the highest common divisor of 112 and 49.
7
What is the highest common factor of 55 and 19085?
55
What is the greatest common divisor of 636 and 24?
12
Calculate the highest common factor of 15 and 1965.
15
Calculate the highest common divisor of 20 and 170.
10
Calculate the greatest common factor of 795 and 1643.
53
What is the highest common factor of 33 and 231?
33
Calculate the greatest common divisor of 209 and 703.
19
Calculate the highest common factor of 22 and 1056.
22
Calculate the greatest common factor of 12 and 66.
6
Calculate the highest common factor of 76 and 1349.
19
What is the greatest common divisor of 1315 and 25?
5
Calculate the highest common factor of 203 and 7047.
29
What is the greatest common factor of 14915 and 95?
95
Calculate the greatest common divisor of 385 and 22.
11
Calculate the greatest common factor of 1175 and 25.
25
Calculate the highest common divisor of 56 and 70.
14
Calculate the greatest common divisor of 180 and 45.
45
What is the greatest common divisor of 32 and 30?
2
Calculate the highest common divisor of 1793 and 11.
11
What is the greatest common factor of 306 and 18?
18
Calculate the greatest common factor of 126 and 546.
42
Calculate the highest common factor of 1694 and 11.
11
What is the highest common factor of 10 and 8010?
10
What is the highest common factor of 12 and 152?
4
What is the greatest common divisor of 455 and 10430?
35
What is the greatest common factor of 1734 and 1224?
102
What is the greatest common factor of 2352 and 368?
16
Calculate the greatest common factor of 108 and 20.
4
What is the greatest common factor of 247 and 39?
13
What is the greatest common divisor of 1380 and 552?
276
Calculate the greatest common divisor of 1 and 3.
1
What is the greatest common factor of 294 and 1050?
42
What is the highest common divisor of 24 and 552?
24
What is the highest common factor of 60 and 48?
12
Calculate the greatest common factor of 4 and 10.
2
What is the greatest common factor of 391 and 69?
23
What is the highest common factor of 507 and 4901?
169
Calculate the greatest common factor of 1386 and 14.
14
What is the highest common divisor of 24 and 4296?
24
What is the greatest common factor of 969 and 12?
3
Calculate the greatest common factor of 3520 and 1160.
40
What is the greatest common divisor of 2360 and 10?
10
What is the highest common divisor of 2112 and 22?
22
What is the greatest common factor of 15 and 57?
3
Calculate the highest common factor of 1935 and 473.
43
Calculate the highest common divisor of 1476 and 198.
18
Calculate the greatest common factor of 54 and 6.
6
What is the highest common divisor of 583 and 1?
1
Calculate the highest common factor of 212 and 265.
53
What is the greatest common factor of 175 and 575?
25
What is the highest common divisor of 152 and 8?
8
Calculate the greatest common factor of 34969 and 578.
289
Calculate the greatest common factor of 51 and 23868.
51
What is the highest common factor of 25 and 225?
25
What is the greatest common divisor of 223 and 5575?
223
Calculate the highest common divisor of 1353 and 164.
41
Calculate the greatest common factor of 15 and 285.
15
Calculate the highest common divisor of 5 and 11.
1
Calculate the highest common divisor of 520 and 320.
40
What is the highest common factor of 14 and 119?
7
What is the greatest common factor of 1012 and 46?
46
Calculate the highest common divisor of 9316 and 411.
137
Calculate the greatest common factor of 138 and 92.
46
What is the highest common divisor of 78 and 702?
78
What is the greatest common divisor of 66 and 5126?
22
What is the greatest common divisor of 6014 and 388?
194
Calculate the greatest common divisor of 100 and 1750.
50
What is the greatest common factor of 306 and 782?
34
What is the highest common factor of 2015 and 62?
31
Calculate the highest common divisor of 2080 and 2405.
65
Calculate the greatest common factor of 728 and 52.
52
What is the greatest common factor of 17 and 5287?
17
What is the highest common divisor of 215 and 129?
43
Calculate the greatest common divisor of 10 and 24425.
5
Calculate the greatest common factor of 11488 and 32.
32
What is the greatest common factor of 1575 and 105?
105
What is the highest common factor of 50 and 850?
50
Calculate the highest common factor of 1475 and 59.
59
What is the highest common factor of 380 and 20444?
76
Calculate the greatest common divisor of 3 and 31.
1
Calculate the greatest common divisor of 60 and 20.
20
Calculate the greatest common factor of 1150 and 46.
46
What is the highest common divisor of 3652 and 44?
44
What is the greatest common factor of 2136 and 384?
24
What is the highest common factor of 66 and 18?
6
What is the highest common factor of 1683 and 9?
9
Calculate the highest common factor of 17 and 1207.
17
Calculate the greatest common divisor of 649 and 33.
11
What is the greatest common factor of 629 and 74?
37
What is the highest common divisor of 86 and 473?
43
Calculate the greatest common factor of 38 and 57.
19
What is the highest common factor of 322 and 13041?
161
What is the highest common factor of 626 and 2?
2
What is the highest common divisor of 80 and 7440?
80
Calculate the highest common divisor of 18 and 207.
9
Calculate the highest common factor of 22 and 21384.
22
What is the greatest common divisor of 452 and 6215?
113
Calculate the highest common factor of 1233 and 685.
137
What is the greatest common factor of 12 and 27?
3
What is the highest common divisor of 129 and 1634?
43
Calculate the highest common divisor of 35857 and 46.
23
Calculate the highest common divisor of 28 and 1022.
14
What is the highest common factor of 119 and 3619?
7
What is the greatest common factor of 88 and 1870?
22
Calculate the highest common divisor of 12 and 15108.
12
What is the greatest common factor of 412 and 8?
4
What is the greatest common factor of 80 and 1210?
10
What is the greatest common factor of 4539 and 17?
17
Calculate the greatest common divisor of 42 and 12936.
42
What is the greatest common divisor of 147 and 28?
7
What is the greatest common factor of 188 and 10?
2
Calculate the greatest common factor of 36824 and 8.
8
Calculate the highest common divisor of 14 and 29834.
14
What is the highest common factor of 872 and 6758?
218
Calculate the highest common divisor of 30 and 70.
10
Calculate the highest common factor of 29 and 14239.
29
Calculate the greatest common factor of 171 and 18.
9
Calculate the highest common divisor of 2015 and 1105.
65
What is the greatest common factor of 25 and 20?
5
What is the greatest common divisor of 9232 and 16?
16
What is the greatest common divisor of 84 and 2212?
28
What is the highest common factor of 18 and 264?
6
Calculate the greatest common factor of 87 and 1392.
87
What is the greatest common factor of 1305 and 1125?
45
Calculate the highest common divisor of 33 and 407.
11
What is the greatest common divisor of 2 and 64?
2
What is the greatest common factor of 17 and 153?
17
Calculate the highest common factor of 136 and 10540.
68
Calculate the greatest common factor of 12 and 114.
6
What is the greatest common divisor of 6 and 12?
6
Calculate the greatest common divisor of 70 and 50.
10
Calculate the highest common factor of 1612 and 496.
124
What is the highest common factor of 38 and 18?
2
What is the highest common factor of 216 and 152?
8
What is the greatest common divisor of 101 and 6767?
101
Calculate the greatest common factor of 32 and 1432.
8
What is the greatest common factor of 506 and 110?
22
What is the greatest common factor of 126 and 1530?
18
What is the greatest common divisor of 1375 and 3025?
275
What is the highest common divisor of 2786 and 10746?
398
What is the highest common divisor of 64 and 704?
64
What is the highest common factor of 1089 and 18?
9
Calculate the highest common divisor of 1242 and 54.
54
Calculate the highest common divisor of 30 and 426.
6
What is the greatest common divisor of 120 and 1125?
15
What is the highest common factor of 